{"id":583,"date":"2023-05-26T21:03:02","date_gmt":"2023-05-26T19:03:02","guid":{"rendered":"https:\/\/hdb-albachten.de\/?page_id=583"},"modified":"2025-02-27T08:48:07","modified_gmt":"2025-02-27T07:48:07","slug":"raumangebot-2","status":"publish","type":"page","link":"https:\/\/hdb-albachten.de\/index.php\/raumangebot-2\/","title":{"rendered":"Raumangebot"},"content":{"rendered":"\n<p><strong>Das Haus der Begegnung verf\u00fcgt \u00fcber einen gro\u00dfz\u00fcgigen, hellen Veranstaltungssaal (Raum 1 und 2) mit erh\u00f6hter, trapezf\u00f6rmiger B\u00fchne. Er bietet, je nach Bestuhlung, Platz f\u00fcr maximal 344 G\u00e4ste und l\u00e4sst sich bei Bedarf durch eine mobile Trennwand zu zwei einzelnen R\u00e4umen verkleinern. Dar\u00fcber hinaus gibt es drei weitere Mehrzweckr\u00e4ume unterschiedlicher Gr\u00f6\u00dfe sowie ein einladendes Foyer mit Theke. Die R\u00e4ume 1 bis 4 sind direkt vom Foyer zug\u00e4ngig, Raum 5 liegt separat in N\u00e4he des B\u00fchnenaufganges. Das Licht ist in allen R\u00e4umen stufenlos dimmbar.<\/strong><\/p>\n\n\n\n<p><\/p>\n\n\n\n<h3 class=\"wp-block-heading\">Barrierefreiheit<\/h3>\n\n\n\n<p>Bis auf die B\u00fchne sind alle R\u00e4ume ebenerdig und barrierefrei erreichbar. Ein behindertengerechtes WC ist vorhanden.<\/p>\n\n\n\n<h3 class=\"wp-block-heading\">Induktive H\u00f6ranlage<\/h3>\n\n\n\n<p>Das Haus der Begegnung ist mit einer induktiven H\u00f6ranlage ausgestattet.<\/p>\n\n\n\n<h3 class=\"wp-block-heading\">Nutzungshinweise<\/h3>\n\n\n\n<p>Jede neue Nutzung wird von uns mit der Eigent\u00fcmerin des Geb\u00e4udes, der Stadt M\u00fcnster, abgekl\u00e4rt. Dies erfolgt in der Regel innerhalb weniger Tage. Der Tr\u00e4gerverein tritt selbst nicht als Veranstalter auf, \u00fcbernimmt also keine Verantwortlichkeiten hinsichtlich notwendiger Werbema\u00dfnahmen, GEMA\u00adAbgaben, Versicherungen etc.* Die Nutzungsrechte werden im Regelfall an Dritte f\u00fcr den Zeitraum der Veranstaltung \u00fcbergeben. Diese treten dann selbst als Veranstalter auf und \u00fcbernehmen alle hiermit verbundenen Verpflichtungen.<br>Die R\u00e4umlichkeiten k\u00f6nnen aktuell leider nicht f\u00fcr private Feiern oder Gesch\u00e4ftsfeiern zur Verf\u00fcgung gestellt werden.<\/p>\n\n\n\n<div style=\"height:64px\" aria-hidden=\"true\" class=\"wp-block-spacer\"><\/div>\n\n\n\n<h3 class=\"wp-block-heading\">Der Saal<\/h3>\n\n\n\n<div class=\"wp-block-columns is-layout-flex wp-container-core-columns-is-layout-9d6595d7 wp-block-columns-is-layout-flex\">\n<div class=\"wp-block-column is-layout-flow wp-block-column-is-layout-flow\" style=\"flex-basis:66.67%\">\n<p>Der gro\u00dfe Veranstaltungssaal ist durch eine Trennwand in die R\u00e4ume 1 (164qm) und 2 (132qm) teilbar, sodass der Raum flexibel auf die jeweilige Gr\u00f6\u00dfe einer Veranstaltung angepasst werden kann. Durch gro\u00dfe Fensterfronten und den Parkettboden entsteht im Saal eine einladende Atmosph\u00e4re. Die ein Meter hohe, trapezf\u00f6rmige B\u00fchne ist Bestandteil des Raums 1 und l\u00e4sst sich bei Bedarf durch vorhandene Anbauelemente in den Zuschauerraum hinein vergr\u00f6\u00dfern. Damit auch aufw\u00e4ndige Inszenierungen kein Problem sind, verf\u00fcgt der Veranstaltungssaal bereits hausseitig \u00fcber eine durchg\u00e4ngig professionelle Ausstattung im Bereich Beleuchtung und Beschallung. F\u00fcr Pr\u00e4sentationen kann ein lichtstarker Beamer genutzt werden, der eine 4 x 3m gro\u00dfe Projektion auf eine motorisierte Leinwand erm\u00f6glicht. Ein Internetanschluss ist ebenfalls verf\u00fcgbar.<br>Weitere Informationen finden Sie in unserer Brosch\u00fcre <a href=\"https:\/\/hdb-albachten.de\/wp-content\/uploads\/2024\/03\/Informationen-fuer-Veranstalter.pdf\" data-type=\"link\" data-id=\"https:\/\/hdb-albachten.de\/wp-content\/uploads\/2023\/11\/Informationen-fuer-Veranstalter.pdf\">\u201eInformationen f\u00fcr Veranstalter\u201c<\/a>.<\/p>\n<\/div>\n\n\n\n<div class=\"wp-block-column is-layout-flow wp-block-column-is-layout-flow\" style=\"flex-basis:33.33%\">\nngg_shortcode_0_placeholder\n<\/div>\n<\/div>\n\n\n\n<h3 class=\"wp-block-heading\">Raum 3<\/h3>\n\n\n\n<div class=\"wp-block-columns is-layout-flex wp-container-core-columns-is-layout-9d6595d7 wp-block-columns-is-layout-flex\">\n<div class=\"wp-block-column is-layout-flow wp-block-column-is-layout-flow\" style=\"flex-basis:66.66%\">\n<p>Neben dem gro\u00dfen Veranstaltungssaal bietet das Haus der Begegnung ebenfalls einige R\u00e4ume mittlerer Gr\u00f6\u00dfe.<br>Der 100 Quadratmeter gro\u00dfe Raum 3 erreicht eine lichte Raumh\u00f6he von 3,90 Metern. Damit eignet sich der Mehrzweckraum auch f\u00fcr Veranstaltungen mit vielen G\u00e4sten. Mit einer L\u00fcftungsanlage ist Raum 3 auch f\u00fcr Chor- und Ensemble-Proben l\u00e4ngerer Dauer ideal ausgestattet. Starkstrom- und Internetanschluss sind, wie im gesamten Geb\u00e4ude, auch hier verf\u00fcgbar. Eine Durchreiche zur Theke im Foyer erm\u00f6glicht weiterhin eine bequeme und z\u00fcgige Bewirtung Ihrer G\u00e4ste.<br>Weitere Informationen finden Sie in unserer Brosch\u00fcre <a href=\"https:\/\/hdb-albachten.de\/wp-content\/uploads\/2024\/03\/Informationen-fuer-Veranstalter.pdf\" data-type=\"link\" data-id=\"https:\/\/hdb-albachten.de\/wp-content\/uploads\/2023\/11\/Informationen-fuer-Veranstalter.pdf\">\u201eInformationen f\u00fcr Veranstalter\u201c<\/a>.<\/p>\n<\/div>\n\n\n\n<div class=\"wp-block-column is-layout-flow wp-block-column-is-layout-flow\" style=\"flex-basis:33.33%\">\nngg_shortcode_1_placeholder\n<\/div>\n<\/div>\n\n\n\n<h3 class=\"wp-block-heading\">Raum 4<\/h3>\n\n\n\n<div class=\"wp-block-columns is-layout-flex wp-container-core-columns-is-layout-9d6595d7 wp-block-columns-is-layout-flex\">\n<div class=\"wp-block-column is-layout-flow wp-block-column-is-layout-flow\" style=\"flex-basis:66.66%\">\n<p>Neben dem gro\u00dfen Veranstaltungssaal bietet das Haus der Begegnung weitere helle und einladende R\u00e4ume kleinerer Gr\u00f6\u00dfe.<br>Raum 4 ist ein 42 Quadratmeter gro\u00dfer Mehrzweckraum mit einer lichten Raumh\u00f6he von 3,90 Metern. Direkt an das Foyer angeschlossen, liegt er unmittelbar hinter dem Thekenbereich und eignet sich so auch als Vorbereitungsraum f\u00fcr das Catering. Starkstrom und Internetanschluss stehen hier f\u00fcr vielseitige Verwendung ebenfalls zur Verf\u00fcgung.<br>Weitere Informationen finden Sie in unserer Brosch\u00fcre <a href=\"https:\/\/hdb-albachten.de\/wp-content\/uploads\/2024\/03\/Informationen-fuer-Veranstalter.pdf\" data-type=\"link\" data-id=\"https:\/\/hdb-albachten.de\/wp-content\/uploads\/2023\/11\/Informationen-fuer-Veranstalter.pdf\">\u201eInformationen f\u00fcr Veranstalter\u201c<\/a>.<\/p>\n<\/div>\n\n\n\n<div class=\"wp-block-column is-layout-flow wp-block-column-is-layout-flow\" style=\"flex-basis:33.33%\">\nngg_shortcode_2_placeholder\n<\/div>\n<\/div>\n\n\n\n<h3 class=\"wp-block-heading\">Raum 5<\/h3>\n\n\n\n<div class=\"wp-block-columns is-layout-flex wp-container-core-columns-is-layout-9d6595d7 wp-block-columns-is-layout-flex\">\n<div class=\"wp-block-column is-layout-flow wp-block-column-is-layout-flow\" style=\"flex-basis:66.66%\">\n<p>Der mit 17 Quadratmetern kleinste Raum des Geb\u00e4udes liegt in unmittelbarer N\u00e4he zum B\u00fchnenaufgang und einem Nebeneingang des Hauses. Der Flurbereich zwischen Raum 5 und B\u00fchne ist vom \u00fcbrigen Teil des Foyers durch eine weitere T\u00fcr abgetrennt. So steht den Hauptpersonen Ihrer Veranstaltung ein privater Bereich zur Verf\u00fcgung. Mit einem gro\u00dfen Spiegel und Waschbecken ausgestattet, eignet er sich der Raum ideal als K\u00fcnstlergarderobe. Weitere Informationen finden Sie in unserer Brosch\u00fcre <a href=\"https:\/\/hdb-albachten.de\/wp-content\/uploads\/2024\/03\/Informationen-fuer-Veranstalter.pdf\" data-type=\"link\" data-id=\"https:\/\/hdb-albachten.de\/wp-content\/uploads\/2023\/11\/Informationen-fuer-Veranstalter.pdf\">\u201eInformationen f\u00fcr Veranstalter\u201c<\/a>.<\/p>\n<\/div>\n\n\n\n<div class=\"wp-block-column is-layout-flow wp-block-column-is-layout-flow\" style=\"flex-basis:33.33%\">\nngg_shortcode_3_placeholder\n<\/div>\n<\/div>\n\n\n\n<h3 class=\"wp-block-heading\">Das Foyer<\/h3>\n\n\n\n<div class=\"wp-block-columns is-layout-flex wp-container-core-columns-is-layout-9d6595d7 wp-block-columns-is-layout-flex\">\n<div class=\"wp-block-column is-layout-flow wp-block-column-is-layout-flow\" style=\"flex-basis:66.66%\">\n<p>Im gro\u00dfz\u00fcgigen Foyer des Geb\u00e4udes k\u00f6nnen Sie in ansprechender Atmosph\u00e4re Ihre G\u00e4ste willkommen hei\u00dfen und w\u00e4hrend der gesamten Dauer Ihrer Veranstaltung &#8211; getrennt von den Veranstaltungsr\u00e4umlichkeiten &#8211; an der Theke bewirten. Wie alle R\u00e4umlichkeiten ist auch das Foyer ebenerdig zug\u00e4nglich. Es verf\u00fcgt im vorderen Bereich ebenfalls \u00fcber einen Anschluss f\u00fcr eine zus\u00e4tzliche, mobile Theke um auch bei gr\u00f6\u00dferen Veranstaltungen eine verz\u00f6gerungsfreie Bedienung zu erm\u00f6glichen.<\/p>\n<\/div>\n\n\n\n<div class=\"wp-block-column is-layout-flow wp-block-column-is-layout-flow\" style=\"flex-basis:33.33%\">\nngg_shortcode_4_placeholder\n<\/div>\n<\/div>\n\n\n\n<div class=\"wp-block-columns is-layout-flex wp-container-core-columns-is-layout-9d6595d7 wp-block-columns-is-layout-flex\"><\/div>\n","protected":false},"excerpt":{"rendered":"<p>Das Haus der Begegnung verf\u00fcgt \u00fcber einen gro\u00dfz\u00fcgigen, hellen Veranstaltungssaal (Raum 1 und 2) mit erh\u00f6hter, trapezf\u00f6rmiger B\u00fchne. Er bietet, je nach Bestuhlung, Platz f\u00fcr maximal 344 G\u00e4ste und l\u00e4sst sich bei Bedarf durch eine mobile Trennwand zu zwei einzelnen R\u00e4umen verkleinern. Dar\u00fcber hinaus gibt es drei weitere Mehrzweckr\u00e4ume unterschiedlicher Gr\u00f6\u00dfe sowie ein einladendes Foyer mit Theke. Die R\u00e4ume 1 bis 4 sind direkt vom Foyer zug\u00e4ngig, Raum 5 liegt separat in N\u00e4he des B\u00fchnenaufganges. Das Licht ist in allen R\u00e4umen stufenlos dimmbar. Barrierefreiheit Bis auf die B\u00fchne sind alle R\u00e4ume ebenerdig und barrierefrei erreichbar. Ein behindertengerechtes WC ist vorhanden. Induktive H\u00f6ranlage Das Haus der Begegnung ist mit einer induktiven H\u00f6ranlage ausgestattet. Nutzungshinweise Jede neue Nutzung wird von uns mit der Eigent\u00fcmerin des Geb\u00e4udes, der Stadt M\u00fcnster, abgekl\u00e4rt. Dies erfolgt in der Regel innerhalb weniger Tage. Der Tr\u00e4gerverein tritt selbst nicht als Veranstalter auf, \u00fcbernimmt also keine Verantwortlichkeiten hinsichtlich notwendiger Werbema\u00dfnahmen, GEMA\u00adAbgaben,&hellip;<\/p>\n","protected":false},"author":1,"featured_media":0,"parent":0,"menu_order":0,"comment_status":"closed","ping_status":"closed","template":"","meta":{"ngg_post_thumbnail":0,"footnotes":""},"class_list":["post-583","page","type-page","status-publish","hentry"],"publishpress_future_action":{"enabled":false,"date":"2026-05-13 13:37:50","action":"change-status","newStatus":"draft","terms":[],"taxonomy":"","extraData":[]},"publishpress_future_workflow_manual_trigger":{"enabledWorkflows":[]},"_links":{"self":[{"href":"https:\/\/hdb-albachten.de\/index.php\/wp-json\/wp\/v2\/pages\/583","targetHints":{"allow":["GET"]}}],"collection":[{"href":"https:\/\/hdb-albachten.de\/index.php\/wp-json\/wp\/v2\/pages"}],"about":[{"href":"https:\/\/hdb-albachten.de\/index.php\/wp-json\/wp\/v2\/types\/page"}],"author":[{"embeddable":true,"href":"https:\/\/hdb-albachten.de\/index.php\/wp-json\/wp\/v2\/users\/1"}],"replies":[{"embeddable":true,"href":"https:\/\/hdb-albachten.de\/index.php\/wp-json\/wp\/v2\/comments?post=583"}],"version-history":[{"count":26,"href":"https:\/\/hdb-albachten.de\/index.php\/wp-json\/wp\/v2\/pages\/583\/revisions"}],"predecessor-version":[{"id":4467,"href":"https:\/\/hdb-albachten.de\/index.php\/wp-json\/wp\/v2\/pages\/583\/revisions\/4467"}],"wp:attachment":[{"href":"https:\/\/hdb-albachten.de\/index.php\/wp-json\/wp\/v2\/media?parent=583"}],"curies":[{"name":"wp","href":"https:\/\/api.w.org\/{rel}","templated":true}]}}